 factors of a?
3, 41
Suppose 2*w = -34 + 6. Let m = w - -16. Suppose m*t + 2*t = 100. What are the prime factors of t?
5
Let z = -69 - -78. Suppose z*s = 579 + 141. List the prime factors of s.
2, 5
Let x(a) = a**3 - 3*a**2 - a + 1084. List the prime factors of x(0).
2, 271
Let h = 559 - -62. What are the prime factors of h?
3, 23
Let i = 539 + -80. List the prime factors of i.
3, 17
Let j(r) = -r**2. Let g be j(-5). Let h = g + 70. List the prime factors of h.
3, 5
Suppose 4*d + 4*y - 26 = -2, 0 = -3*d - y + 28. Suppose 4*j = -d + 115. List the prime factors of j.
2, 13
Let h(c) = 115*c**2 - 51*c + 313. List the prime factors of h(6).
11, 13, 29
Suppose 4*v - 7030 = -2*k, 0*v = 3*v - 3*k - 5259. What are the prime factors of v?
2, 439
Suppose 15*i - 4396 = 8*i. What are the prime factors of i?
2, 157
Suppose -4806 = 21*y - 60981. What are the prime factors of y?
5, 107
Let m(k) be the second derivative of k**4/6 + k**3/6 - 9*k**2 + 34*k. What are the prime factors of m(-5)?
3
Let n be (-19 + 10)/((-2)/34). List the prime factors of 20/6*n/85.
2, 3
Let h = 146 + -271. Let x = h + 235. Suppose -59 + 15 = -t + 4*o, 3*t - o = x. List the prime factors of t.
2, 3
Suppose 0 = -i - 2*i + 12. Suppose i*o + 40 = 6*o. What are the prime factors of 7/((o/(-12))/(-5))?
3, 7
List the prime factors of (6 + -8 + -112)*(-57)/6.
3, 19
Let t be 255/(-17)*(-2)/6. Suppose -t*k + 160 = g, -61 + 221 = 5*k - 3*g. What are the prime factors of k?
2
Let h = -9 - -11. Let l(j) = -j**3 - 18*j**2 + 10*j + 14. Let s be l(-19). Suppose 3*v + h*v = s. List the prime factors of v.
37
Let p(s) = 31*s - 3. Let j be p(-3). Let q = -49 - j. List the prime factors of q.
47
Let v be (12/(-16))/((-3)/336). Suppose -2*f - v = f. List the prime factors of f/(-126) + 1346/18.
3, 5
Suppose -5*h + 3*w = -491, 0 = 2*h - 3*w - w - 202. Suppose -o = 5*k - 405, 2*k - 3*o - h = k. List the prime factors of k.
2, 41
Let f(b) = -336*b - 54. List the prime factors of f(-13).
2, 3, 719
Let k = 2113 + -1064. List the prime factors of k.
1049
Suppose 89403 = 9*a + 8*a. What are the prime factors of a?
3, 1753
What are the prime factors of (-152)/114 - -2005*1/3?
23, 29
Let g = -63 + 96. Suppose r - 156 = -g. What are the prime factors of r?
3, 41
Let j(i) = i**3 - 20*i**2 + 22*i - 23. Let a be j(19). Suppose 0 = 2*y + y + 3. List the prime factors of (y - -2)/(2/a).
17
Let c = 7 + -3. What are the prime factors of 1/c + (-107)/(-4)?
3
Suppose -23 = -c - 109. Let f = c - -184. What are the prime factors of f?
2, 7
Let w = 986 - 582. What are the prime factors of w?
2, 101
Let f = 283 + -207. What are the prime factors of f?
2, 19
Suppose 0 = g + 3*g + 4. Let k be g/7 + 58/14. Suppose -3*n + j + 25 = 2*n, 44 = k*n + 4*j. What are the prime factors of n?
2, 3
Suppose -117*f + 455 = -110*f. What are the prime factors of f?
5, 13
Let g(a) be the first derivative of 4*a**3/3 - 7*a**2/2 + 9*a + 13. List the prime factors of g(4).
3, 5
List the prime factors of -19645*(168/(-15) - -11).
3929
Suppose 0 = -13*k + 765 + 7932. List the prime factors of k.
3, 223
Suppose 5*k - 19 = 1. Suppose k*b - 90 = -2*u + 2*b, -u = -b - 55. List the prime factors of u.
2, 5
Suppose 0 = 31*f - 32*f + p + 1250, -4*f + 5*p + 4999 = 0. List the prime factors of f.
3, 139
Let t = -776 - -1097. What are the prime factors of t?
3, 107
Let r(a) = 105*a**2 - a + 1. Let c be r(1). Suppose 3*v = 2*x + c, 4*v + 5*x - 135 = 6*x. What are the prime factors of v?
3, 11
Let o(d) = d**3 - 3*d**2 - 4*d + 5. Let t be o(4). Suppose -4*g + r = 6*r - 167, g + t*r - 53 = 0. List the prime factors of g.
2, 19
Let l(q) = -q**3 - 16*q**2 - 55*q + 54. What are the prime factors of l(-17)?
2, 3, 71
Let i = 10 - 50. Let m = i + 17. Let n = m - -51. List the prime factors of n.
2, 7
Let x(s) = 18*s**2 + 2*s - 4. Let b(t) = t + 5. Let n be b(-3). List the prime factors of x(n).
2, 3
What are the prime factors of 263/2*(21 + -19)?
263
Suppose 4*s - 2*t - 618 = 0, -3*t + 277 + 200 = 3*s. Suppose -2*i = -5*c + s, c = -i + 43 - 9. Suppose 0 = 2*u - 20 - c. List the prime factors of u.
2, 13
Let l be (-4)/(-8)*-4 - 73. Let d = l + 237. What are the prime factors of d?
2, 3
Let a = 304 - 122. What are the prime factors of a?
2, 7, 13
Suppose 0 = 8*y - 666 - 2542. Let u = -146 + y. List the prime factors of u.
3, 5, 17
Suppose -5*t - 2340 = -52*w + 51*w, 3*t = -w + 2348. What are the prime factors of w?
5, 7, 67
Let v(s) = 3*s + 4. Let y be v(-5). Let d be (1 + -9)/(y + 9). Suppose d*i + i = p - 61, -5*i = 20. What are the prime factors of p?
41
Let q be 32/(-56) - 102/(-7). What are the prime factors of (-24)/q*7*-3?
2, 3
Suppose 6*b = 208 + 506. Suppose -2 - 123 = -4*l - 3*t, b = 4*l + t. What are the prime factors of l?
29
Let h(k) = 16*k - 17. Let c(g) = -17*g + 17. Let x(z) = 5*c(z) + 6*h(z). What are the prime factors of x(8)?
71
Let v(r) be the first derivative of r**4/4 - 8*r**3/3 + 2*r**2 - 11*r + 9. List the prime factors of v(8).
3, 7
List the prime factors of ((-954)/(-24))/((-15)/(-1780)).
53, 89
Let k(m) be the first derivative of -17*m**2/2 - 6*m - 1. Suppose t + 4 = -t + 2*d, 5*t = d - 14. List the prime factors of k(t).
3, 5
Let o be (-4)/(2*(3 + -4)). Suppose 3*a + 3*a - 192 = 0. Suppose -2*i + a = o*v - 8, 0 = -v + 3*i + 20. List the prime factors of v.
2, 5
Suppose 3*i - 30 = 8*i. Let f = i + 11. Suppose -2*w - f*p - 23 = -3*w, -3*w + 88 = 4*p. What are the prime factors of w?
2, 7
Let y = 1379 + -823. What are the prime factors of y?
2, 139
Let d be -2 + 54/30 + (-2)/(-10). Suppose -2*z + 5*z - 4*v - 230 = 0, d = -3*z - 4*v + 190. What are the prime factors of z?
2, 5, 7
Let i(j) = j**3 + j**2 + j + 123. Let z(a) = a - 10. Let d be z(10). What are the prime factors of i(d)?
3, 41
Let n(s) = -8*s + 59. What are the prime factors of n(-25)?
7, 37
Let p be 61 - (2 + -2)/1. What are the prime factors of (-4)/1*p/(-4)?
61
Let t be (-27)/18 - (-25)/2. Suppose 4*n - 5 = t. Suppose 4 = -m, -5*m - 35 - 25 = -n*o. What are the prime factors of o?
2, 5
Let l = -483 + 848. Let w = 530 - l. What are the prime factors of w?
3, 5, 11
Let s(v) = -8*v - 51. What are the prime factors of s(-15)?
3, 23
Let d(o) = 26*o**2 - 41*o + 84. List the prime factors of d(12).
2, 3, 139
Let g = 167 - -454. What are the prime factors of g?
3, 23
Suppose -2*y - 3*y = -90. Let n(c) = c**2 - 18*c + 4. Let k be n(y). Suppose -104 = -4*l - k*o, 2*o - 80 = -3*l - 3*o. What are the prime factors of l?
5
What are the prime factors of (5 - 132/(-11))/((-1)/(-69))?
3, 17, 23
Let a(g) = -g**3 + 7*g**2 - 6*g + 2. Let v be a(6). Suppose -j + 2*j + v = 0. List the prime factors of (-3 - j)*(-46)/2.
23
List the prime factors of (-65)/(-10)*(109 - 1).
2, 3, 13
Let g(c) = -2*c + 3. Let k be g(-10). Suppose k*n = 17*n + 672. What are the prime factors of n?
2, 7
Suppose 3*l = -l + 5*y + 6410, -5*y - 8015 = -5*l. What are the prime factors of l?
3, 5, 107
Let n be ((-148)/(-5))/(9/45). Suppose 0 = 3*v - 40 + n. List the prime factors of ((-81)/v)/(6/16).
2, 3
Let d(x) = 4*x**3 + x**2 - x + 10. Let i be 10*4*(-4)/(-32). Let t(j) = 3*j**3 - j + 9. Let y(r) = i*t(r) - 4*d(r). List the prime factors of y(-4).
3
Let y(z) = -z**3 + 13*z**2 - 8. What are the prime factors of y(4)?
2, 17
What are the prime factors of (-2)/9 - 39112/(-72)?
3, 181
Suppose 0 = -11*r + r + 1220. Suppose 356 = u + r. What are the prime factors of u?
2, 3, 13
Let x be (-2 + (129 - -4))/1. Let b = 165 + x. Suppose 2*s - b = -2*s. List the prime factors of s.
2, 37
Suppose 14*j = 19*j - 18295. What are the prime factors of j?
3659
Let i(u) = 9*u**3 - u**2 - 6*u + 1. What are the prime factors of i(3)?
7, 31
Let i = -232 + 1337. List the prime factors of i.
5, 13, 17
Let z = -65 - -99. Let m = -11 + z. What are the prime factors of m?
23
Suppose -2*r - 6 = -5*o, -5*r - 2*o + 12 + 2 = 0. Suppose 0 = -4*s + c + 67, s - c - 14 = r. Let n = 59 - s. What are the prime factors of n?
2, 3, 7
Let s be (-18 - -23) + -180 + 1. Let o = -116 - s. List the prime factors of o.
2, 29
Suppose 4*w - 4*x - 120 = 0, -1 = x + 2. Let z = w + -25. Suppose a = -z + 41. What are the prime factors of a?
3, 13
Suppose -4*u + 4*r + 0*r + 376 = 0, -4*u - 4*r + 336 = 0. Let t be (0 + 0)*2/(-4). Suppose 5*k - u - 16 = t. List the prime factors 